{"id":742,"date":"2019-12-30T13:54:00","date_gmt":"2019-12-30T12:54:00","guid":{"rendered":"http:\/\/anniesonnenberg.de\/wordpress\/?page_id=742"},"modified":"2022-01-09T17:43:28","modified_gmt":"2022-01-09T16:43:28","slug":"im-land-der-dichter-und-denker","status":"publish","type":"page","link":"https:\/\/anniesonnenberg.de\/wordpress\/engagement\/religion-soziales\/im-land-der-dichter-und-denker\/","title":{"rendered":"Im Land der Dichter und Denker"},"content":{"rendered":"<p>Lust auf Gedankenfutter? Dann w\u00e4re mein <strong><a href=\"https:\/\/anniesonnenberg.de\/wordpress\/wp-content\/uploads\/2021\/05\/Im-Land-der-Dichter-und-Denker.pdf\">neuer Essay<\/a><\/strong> aus dem Bereich Gesellschaft &amp; Soziales vielleicht etwas f\u00fcr Euch.<\/p>\n<p>Die Wenigleser und Lieberh\u00f6rer unter Euch finden ihn auch auf meinem <a href=\"https:\/\/www.youtube.com\/watch?v=a5XzCZeZQ2s\" target=\"_blank\" rel=\"noopener\">Youtube-Kanal<\/a> oder <a href=\"https:\/\/anniesonnenberg.de\/wordpress\/wp-content\/uploads\/2021\/05\/Im-Land-der-Dichter-und-Denker_reupload.mp3\">hier als mp3<\/a>.<br \/>\n#wasauffeohren<\/p>\n<p><iframe loading=\"lazy\" title=\"Im Land der Dichter und Denker (Reupload)\" width=\"584\" height=\"329\" src=\"https:\/\/www.youtube.com\/embed\/a5XzCZeZQ2s?feature=oembed\" frameborder=\"0\" allow=\"accelerometer; autoplay; clipboard-write; encrypted-media; gyroscope; picture-in-picture; web-share\" referrerpolicy=\"strict-origin-when-cross-origin\" allowfullscreen><\/iframe><\/p>\n<hr \/>\n<p><a href=\"https:\/\/anniesonnenberg.de\/wordpress\/ueber-mich\/interaktiv\/gaestebuch\/\" target=\"_blank\" rel=\"noopener\"><img loading=\"lazy\" decoding=\"async\" class=\"size-medium wp-image-1566 aligncenter\" src=\"https:\/\/anniesonnenberg.de\/wordpress\/wp-content\/uploads\/2022\/01\/gbook-300x138.jpg\" alt=\"\" width=\"300\" height=\"138\" srcset=\"https:\/\/anniesonnenberg.de\/wordpress\/wp-content\/uploads\/2022\/01\/gbook-300x138.jpg 300w, https:\/\/anniesonnenberg.de\/wordpress\/wp-content\/uploads\/2022\/01\/gbook-1024x470.jpg 1024w, https:\/\/anniesonnenberg.de\/wordpress\/wp-content\/uploads\/2022\/01\/gbook-768x353.jpg 768w, https:\/\/anniesonnenberg.de\/wordpress\/wp-content\/uploads\/2022\/01\/gbook-1536x706.jpg 1536w, https:\/\/anniesonnenberg.de\/wordpress\/wp-content\/uploads\/2022\/01\/gbook-2048x941.jpg 2048w, https:\/\/anniesonnenberg.de\/wordpress\/wp-content\/uploads\/2022\/01\/gbook-500x230.jpg 500w\" sizes=\"auto, (max-width: 300px) 100vw, 300px\" \/><\/a><\/p>\n","protected":false},"excerpt":{"rendered":"<p>Lust auf Gedankenfutter? Dann w\u00e4re mein neuer Essay aus dem Bereich Gesellschaft &amp; Soziales vielleicht etwas f\u00fcr Euch. Die Wenigleser und Lieberh\u00f6rer unter Euch finden ihn auch auf meinem Youtube-Kanal oder hier als mp3. #wasauffeohren<\/p>\n","protected":false},"author":1,"featured_media":0,"parent":151,"menu_order":70,"comment_status":"closed","ping_status":"closed","template":"","meta":{"footnotes":""},"class_list":["post-742","page","type-page","status-publish","hentry"],"aioseo_notices":[],"_links":{"self":[{"href":"https:\/\/anniesonnenberg.de\/wordpress\/wp-json\/wp\/v2\/pages\/742","targetHints":{"allow":["GET"]}}],"collection":[{"href":"https:\/\/anniesonnenberg.de\/wordpress\/wp-json\/wp\/v2\/pages"}],"about":[{"href":"https:\/\/anniesonnenberg.de\/wordpress\/wp-json\/wp\/v2\/types\/page"}],"author":[{"embeddable":true,"href":"https:\/\/anniesonnenberg.de\/wordpress\/wp-json\/wp\/v2\/users\/1"}],"replies":[{"embeddable":true,"href":"https:\/\/anniesonnenberg.de\/wordpress\/wp-json\/wp\/v2\/comments?post=742"}],"version-history":[{"count":12,"href":"https:\/\/anniesonnenberg.de\/wordpress\/wp-json\/wp\/v2\/pages\/742\/revisions"}],"predecessor-version":[{"id":1623,"href":"https:\/\/anniesonnenberg.de\/wordpress\/wp-json\/wp\/v2\/pages\/742\/revisions\/1623"}],"up":[{"embeddable":true,"href":"https:\/\/anniesonnenberg.de\/wordpress\/wp-json\/wp\/v2\/pages\/151"}],"wp:attachment":[{"href":"https:\/\/anniesonnenberg.de\/wordpress\/wp-json\/wp\/v2\/media?parent=742"}],"curies":[{"name":"wp","href":"https:\/\/api.w.org\/{rel}","templated":true}]}}