{"id":551,"date":"2018-06-12T18:25:17","date_gmt":"2018-06-12T16:25:17","guid":{"rendered":"http:\/\/anniesonnenberg.de\/wordpress\/?page_id=551"},"modified":"2023-12-24T18:14:24","modified_gmt":"2023-12-24T17:14:24","slug":"datenschutzerklaerung","status":"publish","type":"page","link":"https:\/\/anniesonnenberg.de\/wordpress\/ueber-mich\/datenschutzerklaerung\/","title":{"rendered":"Datenschutzerkl\u00e4rung"},"content":{"rendered":"<p>S\u00e4mtliche Besuche auf dieser Seite werden von mir weder aufgezeichnet noch ausgewertet. Cookies werden nicht verwendet. Es werden auch derzeit keine WordPress-Plugins verwendet, die Cookies abspeichern. Ich habe allerdings keinen Einfluss darauf, was beim Provider (1und1) geschieht.<\/p>\n<p>Daten, die \u00fcber das Kontaktformular eingegeben werden, werden ausschliesslich mir per Mail zugeschickt und verbleiben dann im Posteingang. Das Kontaktformular verwendet Googles reCaptcha um Spam zu vermindern, wobei die aktuelle IP-Adresse an Google \u00fcbermittelt wird. Weitere Daten werden meinerseits nicht erfasst.<\/p>\n<p>Diese Seite verwendet ein Youtube-Plugin f\u00fcr WordPress, bei dem, sobald ein Video bzw. ein H\u00f6rbuch gestartet wird, Daten an Youtube \u00fcbertragen werden. N\u00e4heres zu den Daten auf der <a href=\"https:\/\/policies.google.com\/privacy?hl=de&amp;gl=de\">Datenschutzerkl\u00e4rung bei Youtube<\/a>.<\/p>\n<p>Mir \u00fcberlassene Daten (Mail, Kontaktformular) werden vertraulich behandelt.<br \/>\nEine Weitergabe der Daten findet grunds\u00e4tzlich nicht statt.<\/p>\n","protected":false},"excerpt":{"rendered":"<p>S\u00e4mtliche Besuche auf dieser Seite werden von mir weder aufgezeichnet noch ausgewertet. Cookies werden nicht verwendet. Es werden auch derzeit keine WordPress-Plugins verwendet, die Cookies abspeichern. Ich habe allerdings keinen Einfluss darauf, was beim Provider (1und1) geschieht. Daten, die \u00fcber &hellip; <a href=\"https:\/\/anniesonnenberg.de\/wordpress\/ueber-mich\/datenschutzerklaerung\/\">Weiterlesen <span class=\"meta-nav\">&rarr;<\/span><\/a><\/p>\n","protected":false},"author":1,"featured_media":0,"parent":196,"menu_order":30,"comment_status":"closed","ping_status":"closed","template":"","meta":{"footnotes":""},"class_list":["post-551","page","type-page","status-publish","hentry"],"aioseo_notices":[],"_links":{"self":[{"href":"https:\/\/anniesonnenberg.de\/wordpress\/wp-json\/wp\/v2\/pages\/551","targetHints":{"allow":["GET"]}}],"collection":[{"href":"https:\/\/anniesonnenberg.de\/wordpress\/wp-json\/wp\/v2\/pages"}],"about":[{"href":"https:\/\/anniesonnenberg.de\/wordpress\/wp-json\/wp\/v2\/types\/page"}],"author":[{"embeddable":true,"href":"https:\/\/anniesonnenberg.de\/wordpress\/wp-json\/wp\/v2\/users\/1"}],"replies":[{"embeddable":true,"href":"https:\/\/anniesonnenberg.de\/wordpress\/wp-json\/wp\/v2\/comments?post=551"}],"version-history":[{"count":3,"href":"https:\/\/anniesonnenberg.de\/wordpress\/wp-json\/wp\/v2\/pages\/551\/revisions"}],"predecessor-version":[{"id":2130,"href":"https:\/\/anniesonnenberg.de\/wordpress\/wp-json\/wp\/v2\/pages\/551\/revisions\/2130"}],"up":[{"embeddable":true,"href":"https:\/\/anniesonnenberg.de\/wordpress\/wp-json\/wp\/v2\/pages\/196"}],"wp:attachment":[{"href":"https:\/\/anniesonnenberg.de\/wordpress\/wp-json\/wp\/v2\/media?parent=551"}],"curies":[{"name":"wp","href":"https:\/\/api.w.org\/{rel}","templated":true}]}}