{"id":34,"date":"2015-07-26T18:38:40","date_gmt":"2015-07-26T16:38:40","guid":{"rendered":"http:\/\/anniesonnenberg.de\/wordpress\/?page_id=34"},"modified":"2021-07-19T20:31:32","modified_gmt":"2021-07-19T18:31:32","slug":"disclaimer","status":"publish","type":"page","link":"https:\/\/anniesonnenberg.de\/wordpress\/ueber-mich\/disclaimer\/","title":{"rendered":"Disclaimer"},"content":{"rendered":"<h5 id=\"inhalt\"><strong>Inhalt<\/strong><\/h5>\n<div class=\"level5\">\n<p>Alle Inhalte dieser Website wurden mit gr\u00f6\u00dfter Sorgfalt erstellt. Dennoch lassen sich Fehler und Irrt\u00fcmer nie ganz ausschlie\u00dfen. F\u00fcr die Richtigkeit, Vollst\u00e4ndigkeit und Aktualit\u00e4t der hier pr\u00e4sentierten Inhalte und Daten kann deshalb keine Gew\u00e4hr \u00fcbernommen werden.<\/p>\n<\/div>\n<h5 id=\"links\"><strong>Links<\/strong><\/h5>\n<div class=\"level5\">\n<p>F\u00fcr die Richtigkeit, Qualit\u00e4t oder Aktualit\u00e4t der Inhalte der verlinkten Seiten kann ich keine Gew\u00e4hr \u00fcbernehmen. Verantwortlich f\u00fcr die angebotenen Informationen in Text, Bild und Ton ist ausschlie\u00dflich der jeweilige Betreiber. Alle verlinkten Seiten wurden unmittelbar vor der Verlinkung auf m\u00f6gliche Rechtsverst\u00f6\u00dfe \u00fcberpr\u00fcft; dabei waren keine rechtswidrigen Inhalte erkennbar. Eine st\u00e4ndige Kontrolle auf Rechtsverletzungen ohne konkreten Anlass w\u00e4re jedoch unzumutbar. Sollte ich Kenntnis von rechtswidrigen Inhalten erlangen, werden die entsprechenden Links unverz\u00fcglich entfernt.<\/p>\n<\/div>\n<h5 id=\"datenschutz\"><strong>Datenschutz<\/strong><\/h5>\n<div class=\"level5\">\n<p>Soweit auf dieser Seite personenbezogene Daten von Privatpersonen erhoben werden, etwa im Zusammenhang mit E-Mail-Anfragen, erfolgt deren Erhebung ausschlie\u00dflich auf freiwilliger Basis. Alle mitgeteilten Daten werden streng vertraulich behandelt und keinesfalls weitergegeben.<\/p>\n<\/div>\n<h5 id=\"schutzrechte\"><strong>Schutzrechte<\/strong><\/h5>\n<div class=\"level5\">\n<p>Sollten Sie Grund zu der Annahme haben, dass auf dieser Pr\u00e4senz eines Ihrer Schutzrechte verletzt wird, teilen Sie mir dies bitte umgehend per E-Mail mit; ich werde dann unverz\u00fcglich f\u00fcr Abhilfe sorgen. Bitte beachten Sie, dass die wesentlich zeitaufw\u00e4ndigere Einschaltung eines Anwalts zum Zwecke der kostenpflichtigen Abmahnung weder meinem tats\u00e4chlichen noch mutma\u00dflichen Willen entspricht und auch nicht erforderlich ist, da ich bestehende Schutzrechte vorbehaltlos anerkenne.<\/p>\n<\/div>\n<h5 id=\"eigene_schutzrechte\"><strong>Eigene Schutzrechte<\/strong><\/h5>\n<div class=\"level5\">\n<p>Auf dieser Seite ver\u00f6ffentlichte Inhalte unterliegen dem Urheberrecht.<\/p>\n<\/div>\n<h5 id=\"eigene_daten\"><strong>Eigene Daten<\/strong><\/h5>\n<div class=\"level5\">\n<p>Einer Nutzung meiner eigenen auf dieser Website ver\u00f6ffentlichten Daten zur \u00dcbersendung von nicht angefordertem Werbe-, Informations- oder sonstigem Material auf postalischem oder elektronischem Weg bzw. der Weitergabe meiner Daten an Dritte zu den vorgenannten Zwecken widerspreche ich hiermit explizit. F\u00fcr den Fall eines Versto\u00dfes behalte ich mir rechtliche Schritte vor.<\/p>\n<\/div>\n","protected":false},"excerpt":{"rendered":"<p>Inhalt Alle Inhalte dieser Website wurden mit gr\u00f6\u00dfter Sorgfalt erstellt. Dennoch lassen sich Fehler und Irrt\u00fcmer nie ganz ausschlie\u00dfen. F\u00fcr die Richtigkeit, Vollst\u00e4ndigkeit und Aktualit\u00e4t der hier pr\u00e4sentierten Inhalte und Daten kann deshalb keine Gew\u00e4hr \u00fcbernommen werden. Links F\u00fcr die &hellip; <a href=\"https:\/\/anniesonnenberg.de\/wordpress\/ueber-mich\/disclaimer\/\">Weiterlesen <span class=\"meta-nav\">&rarr;<\/span><\/a><\/p>\n","protected":false},"author":1,"featured_media":0,"parent":196,"menu_order":40,"comment_status":"closed","ping_status":"closed","template":"","meta":{"footnotes":""},"class_list":["post-34","page","type-page","status-publish","hentry"],"aioseo_notices":[],"_links":{"self":[{"href":"https:\/\/anniesonnenberg.de\/wordpress\/wp-json\/wp\/v2\/pages\/34","targetHints":{"allow":["GET"]}}],"collection":[{"href":"https:\/\/anniesonnenberg.de\/wordpress\/wp-json\/wp\/v2\/pages"}],"about":[{"href":"https:\/\/anniesonnenberg.de\/wordpress\/wp-json\/wp\/v2\/types\/page"}],"author":[{"embeddable":true,"href":"https:\/\/anniesonnenberg.de\/wordpress\/wp-json\/wp\/v2\/users\/1"}],"replies":[{"embeddable":true,"href":"https:\/\/anniesonnenberg.de\/wordpress\/wp-json\/wp\/v2\/comments?post=34"}],"version-history":[{"count":3,"href":"https:\/\/anniesonnenberg.de\/wordpress\/wp-json\/wp\/v2\/pages\/34\/revisions"}],"predecessor-version":[{"id":1423,"href":"https:\/\/anniesonnenberg.de\/wordpress\/wp-json\/wp\/v2\/pages\/34\/revisions\/1423"}],"up":[{"embeddable":true,"href":"https:\/\/anniesonnenberg.de\/wordpress\/wp-json\/wp\/v2\/pages\/196"}],"wp:attachment":[{"href":"https:\/\/anniesonnenberg.de\/wordpress\/wp-json\/wp\/v2\/media?parent=34"}],"curies":[{"name":"wp","href":"https:\/\/api.w.org\/{rel}","templated":true}]}}