{"id":1910,"date":"2022-06-17T08:38:30","date_gmt":"2022-06-17T06:38:30","guid":{"rendered":"https:\/\/anniesonnenberg.de\/wordpress\/?page_id=1910"},"modified":"2024-03-27T14:01:56","modified_gmt":"2024-03-27T13:01:56","slug":"dauer-spendenaktion-wasserspiegel-fuer-united4rescue","status":"publish","type":"page","link":"https:\/\/anniesonnenberg.de\/wordpress\/prosa\/dauer-spendenaktion-wasserspiegel-fuer-united4rescue\/","title":{"rendered":"Dauer-Spendenaktion: &#8222;Wasserspiegel&#8220; f\u00fcr United4Rescue"},"content":{"rendered":"<div class=\"entry-content\">\n<div id=\"attachment_1952\" style=\"width: 310px\" class=\"wp-caption alignleft\"><a href=\"https:\/\/anniesonnenberg.de\/wordpress\/wp-content\/uploads\/2022\/06\/Wasserspiegel-Mockup-2-scaled.jpg\"><img loading=\"lazy\" decoding=\"async\" aria-describedby=\"caption-attachment-1952\" class=\"size-medium wp-image-1952\" src=\"https:\/\/anniesonnenberg.de\/wordpress\/wp-content\/uploads\/2022\/06\/Wasserspiegel-Mockup-2-300x225.jpg\" alt=\"\" width=\"300\" height=\"225\" srcset=\"https:\/\/anniesonnenberg.de\/wordpress\/wp-content\/uploads\/2022\/06\/Wasserspiegel-Mockup-2-300x225.jpg 300w, https:\/\/anniesonnenberg.de\/wordpress\/wp-content\/uploads\/2022\/06\/Wasserspiegel-Mockup-2-1024x768.jpg 1024w, https:\/\/anniesonnenberg.de\/wordpress\/wp-content\/uploads\/2022\/06\/Wasserspiegel-Mockup-2-768x576.jpg 768w, https:\/\/anniesonnenberg.de\/wordpress\/wp-content\/uploads\/2022\/06\/Wasserspiegel-Mockup-2-1536x1152.jpg 1536w, https:\/\/anniesonnenberg.de\/wordpress\/wp-content\/uploads\/2022\/06\/Wasserspiegel-Mockup-2-2048x1536.jpg 2048w, https:\/\/anniesonnenberg.de\/wordpress\/wp-content\/uploads\/2022\/06\/Wasserspiegel-Mockup-2-400x300.jpg 400w\" sizes=\"auto, (max-width: 300px) 100vw, 300px\" \/><\/a><p id=\"caption-attachment-1952\" class=\"wp-caption-text\">mockups-design.com<\/p><\/div>\n<p>&nbsp;<\/p>\n<p>F\u00fcr die Anthologie \u201cWasserspiegel\u201d war ich erstmalig nicht nur als Autorin, sondern auch als Herausgeberin t\u00e4tig. Der Erl\u00f6s des Bandes kommt dem gemeinn\u00fctzigen Verein <a href=\"https:\/\/www.united4rescue.org\" target=\"_blank\" rel=\"noopener\"><strong>United4Rescue \u2013 Gemeinsam Retten e.V.<\/strong><\/a> zugute, der sich unter dem Motto \u201cMan l\u00e4sst keine Menschen ertrinken. Punkt.\u201d f\u00fcr die Seenotrettung im Mittelmeer einsetzt.<\/p>\n<p>&nbsp;<\/p>\n<p><a href=\"https:\/\/anniesonnenberg.de\/wordpress\/wp-content\/uploads\/2022\/04\/2022-04-29-15_49_42-Startseite-_-United4Rescue-1.png\"><img loading=\"lazy\" decoding=\"async\" class=\"alignright size-medium wp-image-1692\" src=\"https:\/\/anniesonnenberg.de\/wordpress\/wp-content\/uploads\/2022\/04\/2022-04-29-15_49_42-Startseite-_-United4Rescue-1-300x180.png\" alt=\"\" width=\"300\" height=\"180\" srcset=\"https:\/\/anniesonnenberg.de\/wordpress\/wp-content\/uploads\/2022\/04\/2022-04-29-15_49_42-Startseite-_-United4Rescue-1-300x180.png 300w, https:\/\/anniesonnenberg.de\/wordpress\/wp-content\/uploads\/2022\/04\/2022-04-29-15_49_42-Startseite-_-United4Rescue-1-768x461.png 768w, https:\/\/anniesonnenberg.de\/wordpress\/wp-content\/uploads\/2022\/04\/2022-04-29-15_49_42-Startseite-_-United4Rescue-1-500x300.png 500w, https:\/\/anniesonnenberg.de\/wordpress\/wp-content\/uploads\/2022\/04\/2022-04-29-15_49_42-Startseite-_-United4Rescue-1.png 797w\" sizes=\"auto, (max-width: 300px) 100vw, 300px\" \/><\/a>In gemeinsamem Wirken mit Gastautoren, dem Vorsitzenden von United4Rescue Dr. Thies Gundlach, Henning B\u00f6ger, Martin Schmidt-Kortenbusch und Marcus Lenk, ist hier ein gehaltvolles P\u00e4ckchen Gedankanst\u00f6\u00dfe entstanden, die als Essay, Kurzgeschichte, Romanauszug oder Lyrik mundgerecht daherkommen.<\/p>\n<p><a href=\"https:\/\/anniesonnenberg.de\/wordpress\/wp-content\/uploads\/2022\/06\/2022-05-25-18_48_12-Wasserspiegel-Mockup-1.jpg-IrfanView-Zoom_-1721-x-1291-Selection_-1126-778.png\"><img loading=\"lazy\" decoding=\"async\" class=\"wp-image-1912 size-medium alignnone\" src=\"https:\/\/anniesonnenberg.de\/wordpress\/wp-content\/uploads\/2022\/06\/2022-05-25-18_48_12-Wasserspiegel-Mockup-1.jpg-IrfanView-Zoom_-1721-x-1291-Selection_-1126-778-300x154.png\" alt=\"\" width=\"300\" height=\"154\" srcset=\"https:\/\/anniesonnenberg.de\/wordpress\/wp-content\/uploads\/2022\/06\/2022-05-25-18_48_12-Wasserspiegel-Mockup-1.jpg-IrfanView-Zoom_-1721-x-1291-Selection_-1126-778-300x154.png 300w, https:\/\/anniesonnenberg.de\/wordpress\/wp-content\/uploads\/2022\/06\/2022-05-25-18_48_12-Wasserspiegel-Mockup-1.jpg-IrfanView-Zoom_-1721-x-1291-Selection_-1126-778-1024x527.png 1024w, https:\/\/anniesonnenberg.de\/wordpress\/wp-content\/uploads\/2022\/06\/2022-05-25-18_48_12-Wasserspiegel-Mockup-1.jpg-IrfanView-Zoom_-1721-x-1291-Selection_-1126-778-768x395.png 768w, https:\/\/anniesonnenberg.de\/wordpress\/wp-content\/uploads\/2022\/06\/2022-05-25-18_48_12-Wasserspiegel-Mockup-1.jpg-IrfanView-Zoom_-1721-x-1291-Selection_-1126-778-500x257.png 500w, https:\/\/anniesonnenberg.de\/wordpress\/wp-content\/uploads\/2022\/06\/2022-05-25-18_48_12-Wasserspiegel-Mockup-1.jpg-IrfanView-Zoom_-1721-x-1291-Selection_-1126-778.png 1254w\" sizes=\"auto, (max-width: 300px) 100vw, 300px\" \/><\/a><\/p>\n<p>Der Klappentext lautet:<\/p>\n<p><em>Wasser: Quelle des Lebens, Transport- und Fluchtweg, nasses Grab \u2013 aber auch Symbol der Taufe, der Reinigung. Nehmen wir uns die Zeit, zu betrachten, was dieses Urelement des Lebens uns <span id=\"more_text\">widerspiegelt. Der Erl\u00f6s des Bandes wird der gemeinn\u00fctzigen Organisation United4Rescue \u2013 Gemeinsam Retten e.V. gespendet.<\/span><\/em><\/p>\n<p><a href=\"https:\/\/www.epubli.de\/preview\/126128\" target=\"_blank\" rel=\"noopener\"><strong>Hier geht es zur Leseprobe.<\/strong><\/a><\/p>\n<p><span class=\"property\"><strong><a href=\"https:\/\/anniesonnenberg.de\/wordpress\/wp-content\/uploads\/2022\/06\/DSC_2022-05-24_11-35-15_063-scaled.jpg\"><img loading=\"lazy\" decoding=\"async\" class=\"size-medium wp-image-1881 alignnone\" src=\"https:\/\/anniesonnenberg.de\/wordpress\/wp-content\/uploads\/2022\/06\/DSC_2022-05-24_11-35-15_063-300x200.jpg\" sizes=\"auto, (max-width: 300px) 100vw, 300px\" srcset=\"https:\/\/anniesonnenberg.de\/wordpress\/wp-content\/uploads\/2022\/06\/DSC_2022-05-24_11-35-15_063-300x200.jpg 300w, https:\/\/anniesonnenberg.de\/wordpress\/wp-content\/uploads\/2022\/06\/DSC_2022-05-24_11-35-15_063-1024x683.jpg 1024w, https:\/\/anniesonnenberg.de\/wordpress\/wp-content\/uploads\/2022\/06\/DSC_2022-05-24_11-35-15_063-768x512.jpg 768w, https:\/\/anniesonnenberg.de\/wordpress\/wp-content\/uploads\/2022\/06\/DSC_2022-05-24_11-35-15_063-1536x1024.jpg 1536w, https:\/\/anniesonnenberg.de\/wordpress\/wp-content\/uploads\/2022\/06\/DSC_2022-05-24_11-35-15_063-2048x1365.jpg 2048w, https:\/\/anniesonnenberg.de\/wordpress\/wp-content\/uploads\/2022\/06\/DSC_2022-05-24_11-35-15_063-450x300.jpg 450w\" alt=\"\" width=\"300\" height=\"200\" \/><\/a><\/strong><\/span><\/p>\n<p><span class=\"property\"><strong><a href=\"https:\/\/www.epubli.de\/\/shop\/buch\/Wasserspiegel-Annie-Sonnenberg-Annie-Sonnenberg-9783754973981\/126128?utm_medium=email&amp;utm_source=transactional&amp;utm_campaign=Systemmail_PublishedSuccessfully#beschreibung\" target=\"_blank\" rel=\"noopener\">ISBN: <\/a><\/strong><strong>9783754973981<\/strong><br \/>\nFormat: Taschenbuch; Softcover<br \/>\nSeiten: 56<br \/>\n<\/span><span class=\"property\">Altersempfehlung: Erwachsene (18+ Jahre) (18 \u2013 99)<br \/>\n<strong><span class=\"price\">11,99\u00a0\u20ac<\/span><\/strong><br \/>\nErh\u00e4ltlich beim Buchh\u00e4ndler Eures Vertrauens oder auf diversen Online-Plattformen, z.B. direkt bei <a href=\"https:\/\/www.epubli.de\/\/shop\/buch\/Wasserspiegel-Annie-Sonnenberg-Annie-Sonnenberg-9783754973981\/126128?utm_medium=email&amp;utm_source=transactional&amp;utm_campaign=Systemmail_PublishedSuccessfully#beschreibung\" target=\"_blank\" rel=\"noopener\"><strong>epubli.de<\/strong><\/a>. <strong>Dazu ein Hinweis:<\/strong> Bei Bestellungen \u00fcber <a href=\"https:\/\/www.epubli.com\/shop\/reflexionsraeume-9783758441080\"><strong>epubli.com<\/strong><\/a> bekomme ich ein deutlich h\u00f6heres Honorar; dadurch f\u00e4llt in diesem Fall auch die <strong>Spendensumme h\u00f6her <\/strong>aus. Danke!<br \/>\n<\/span><\/p>\n<p><iframe loading=\"lazy\" title=\"mL151 - Anni Sonnerberg &quot;Wasserspiegel - Gedankenanst\u00f6\u00dfe&quot;\" width=\"584\" height=\"438\" src=\"https:\/\/www.youtube.com\/embed\/CgOIKK6Jm0g?feature=oembed\" frameborder=\"0\" allow=\"accelerometer; autoplay; clipboard-write; encrypted-media; gyroscope; picture-in-picture; web-share\" referrerpolicy=\"strict-origin-when-cross-origin\" allowfullscreen><\/iframe><\/p>\n<p><iframe loading=\"lazy\" title=\"Wasserspiegel Trailer\" src=\"https:\/\/www.youtube.com\/embed\/QwlZWgVshVQ?feature=oembed\" width=\"584\" height=\"329\" frameborder=\"0\" allowfullscreen=\"allowfullscreen\" data-mce-fragment=\"1\"><\/iframe><\/p>\n<p>#seenotrettung #spendenaktion #united4rescue #triathlon #anthologie #nordsee #menschlichkeit #mittelmeer #taschenbuch #fundraiser #lyrik #essay #kurzgeschichte #romanauszug<\/p>\n<\/div>\n","protected":false},"excerpt":{"rendered":"<p>&nbsp; F\u00fcr die Anthologie \u201cWasserspiegel\u201d war ich erstmalig nicht nur als Autorin, sondern auch als Herausgeberin t\u00e4tig. Der Erl\u00f6s des Bandes kommt dem gemeinn\u00fctzigen Verein United4Rescue \u2013 Gemeinsam Retten e.V. zugute, der sich unter dem Motto \u201cMan l\u00e4sst keine Menschen &hellip; <a href=\"https:\/\/anniesonnenberg.de\/wordpress\/prosa\/dauer-spendenaktion-wasserspiegel-fuer-united4rescue\/\">Weiterlesen <span class=\"meta-nav\">&rarr;<\/span><\/a><\/p>\n","protected":false},"author":1,"featured_media":0,"parent":240,"menu_order":30,"comment_status":"closed","ping_status":"closed","template":"","meta":{"footnotes":""},"class_list":["post-1910","page","type-page","status-publish","hentry"],"aioseo_notices":[],"_links":{"self":[{"href":"https:\/\/anniesonnenberg.de\/wordpress\/wp-json\/wp\/v2\/pages\/1910","targetHints":{"allow":["GET"]}}],"collection":[{"href":"https:\/\/anniesonnenberg.de\/wordpress\/wp-json\/wp\/v2\/pages"}],"about":[{"href":"https:\/\/anniesonnenberg.de\/wordpress\/wp-json\/wp\/v2\/types\/page"}],"author":[{"embeddable":true,"href":"https:\/\/anniesonnenberg.de\/wordpress\/wp-json\/wp\/v2\/users\/1"}],"replies":[{"embeddable":true,"href":"https:\/\/anniesonnenberg.de\/wordpress\/wp-json\/wp\/v2\/comments?post=1910"}],"version-history":[{"count":7,"href":"https:\/\/anniesonnenberg.de\/wordpress\/wp-json\/wp\/v2\/pages\/1910\/revisions"}],"predecessor-version":[{"id":2201,"href":"https:\/\/anniesonnenberg.de\/wordpress\/wp-json\/wp\/v2\/pages\/1910\/revisions\/2201"}],"up":[{"embeddable":true,"href":"https:\/\/anniesonnenberg.de\/wordpress\/wp-json\/wp\/v2\/pages\/240"}],"wp:attachment":[{"href":"https:\/\/anniesonnenberg.de\/wordpress\/wp-json\/wp\/v2\/media?parent=1910"}],"curies":[{"name":"wp","href":"https:\/\/api.w.org\/{rel}","templated":true}]}}