{"id":161,"date":"2015-07-27T18:00:23","date_gmt":"2015-07-27T16:00:23","guid":{"rendered":"http:\/\/anniesonnenberg.de\/wordpress\/?page_id=161"},"modified":"2022-01-09T17:34:17","modified_gmt":"2022-01-09T16:34:17","slug":"lagerfeuerpredigt","status":"publish","type":"page","link":"https:\/\/anniesonnenberg.de\/wordpress\/engagement\/religion\/lagerfeuerpredigt\/","title":{"rendered":"Lagerfeuerpredigt"},"content":{"rendered":"<h2 id=\"feurige_gedanken_-_eine_predigt_am_lagerfeuer\" class=\"sectionedit15\">Feurige Gedanken &#8211; eine Predigt am Lagerfeuer<\/h2>\n<div class=\"level2\">\n<p>Anfang der 2000er Jahre hatte ich das Gl\u00fcck, in einem Gottesdienst predigen zu d\u00fcrfen, zu dem ausdr\u00fccklich auch Menschen geladen waren, die dem Glauben nicht nahestehen. (<em>Mange tak<\/em>, Johannes!) Es hat mich sehr ber\u00fchrt, dass hinterher eine Teilnehmerin, die sich als Atheistin bezeichnet, sagte, <em>diesem<\/em> Gottesdienst sei sie sogar sehr gern gefolgt.<\/p>\n<p>Download: <strong><a class=\"urlextern\" title=\"http:\/\/www.anniesonnenberg.de\/lagerfeuerpredigt.pdf\" href=\"http:\/\/www.anniesonnenberg.de\/lagerfeuerpredigt.pdf\" target=\"plain\" rel=\"nofollow noopener noreferrer\">Lagerfeuerpredigt.pdf<\/a><\/strong><\/p>\n<p>&nbsp;<\/p>\n<hr \/>\n<p><a href=\"https:\/\/anniesonnenberg.de\/wordpress\/ueber-mich\/interaktiv\/gaestebuch\/\" target=\"_blank\" rel=\"noopener\"><img loading=\"lazy\" decoding=\"async\" class=\"size-medium wp-image-1566 aligncenter\" src=\"https:\/\/anniesonnenberg.de\/wordpress\/wp-content\/uploads\/2022\/01\/gbook-300x138.jpg\" alt=\"\" width=\"300\" height=\"138\" srcset=\"https:\/\/anniesonnenberg.de\/wordpress\/wp-content\/uploads\/2022\/01\/gbook-300x138.jpg 300w, https:\/\/anniesonnenberg.de\/wordpress\/wp-content\/uploads\/2022\/01\/gbook-1024x470.jpg 1024w, https:\/\/anniesonnenberg.de\/wordpress\/wp-content\/uploads\/2022\/01\/gbook-768x353.jpg 768w, https:\/\/anniesonnenberg.de\/wordpress\/wp-content\/uploads\/2022\/01\/gbook-1536x706.jpg 1536w, https:\/\/anniesonnenberg.de\/wordpress\/wp-content\/uploads\/2022\/01\/gbook-2048x941.jpg 2048w, https:\/\/anniesonnenberg.de\/wordpress\/wp-content\/uploads\/2022\/01\/gbook-500x230.jpg 500w\" sizes=\"auto, (max-width: 300px) 100vw, 300px\" \/><\/a><\/p>\n<\/div>\n","protected":false},"excerpt":{"rendered":"<p>Feurige Gedanken &#8211; eine Predigt am Lagerfeuer Anfang der 2000er Jahre hatte ich das Gl\u00fcck, in einem Gottesdienst predigen zu d\u00fcrfen, zu dem ausdr\u00fccklich auch Menschen geladen waren, die dem Glauben nicht nahestehen. (Mange tak, Johannes!) Es hat mich sehr &hellip; <a href=\"https:\/\/anniesonnenberg.de\/wordpress\/engagement\/religion\/lagerfeuerpredigt\/\">Weiterlesen <span class=\"meta-nav\">&rarr;<\/span><\/a><\/p>\n","protected":false},"author":1,"featured_media":0,"parent":174,"menu_order":10,"comment_status":"closed","ping_status":"closed","template":"","meta":{"footnotes":""},"class_list":["post-161","page","type-page","status-publish","hentry"],"aioseo_notices":[],"_links":{"self":[{"href":"https:\/\/anniesonnenberg.de\/wordpress\/wp-json\/wp\/v2\/pages\/161","targetHints":{"allow":["GET"]}}],"collection":[{"href":"https:\/\/anniesonnenberg.de\/wordpress\/wp-json\/wp\/v2\/pages"}],"about":[{"href":"https:\/\/anniesonnenberg.de\/wordpress\/wp-json\/wp\/v2\/types\/page"}],"author":[{"embeddable":true,"href":"https:\/\/anniesonnenberg.de\/wordpress\/wp-json\/wp\/v2\/users\/1"}],"replies":[{"embeddable":true,"href":"https:\/\/anniesonnenberg.de\/wordpress\/wp-json\/wp\/v2\/comments?post=161"}],"version-history":[{"count":5,"href":"https:\/\/anniesonnenberg.de\/wordpress\/wp-json\/wp\/v2\/pages\/161\/revisions"}],"predecessor-version":[{"id":1611,"href":"https:\/\/anniesonnenberg.de\/wordpress\/wp-json\/wp\/v2\/pages\/161\/revisions\/1611"}],"up":[{"embeddable":true,"href":"https:\/\/anniesonnenberg.de\/wordpress\/wp-json\/wp\/v2\/pages\/174"}],"wp:attachment":[{"href":"https:\/\/anniesonnenberg.de\/wordpress\/wp-json\/wp\/v2\/media?parent=161"}],"curies":[{"name":"wp","href":"https:\/\/api.w.org\/{rel}","templated":true}]}}