{"id":159,"date":"2015-07-27T17:58:59","date_gmt":"2015-07-27T15:58:59","guid":{"rendered":"http:\/\/anniesonnenberg.de\/wordpress\/?page_id=159"},"modified":"2022-01-09T17:41:12","modified_gmt":"2022-01-09T16:41:12","slug":"marsfahrkarte","status":"publish","type":"page","link":"https:\/\/anniesonnenberg.de\/wordpress\/engagement\/religion-soziales\/marsfahrkarte\/","title":{"rendered":"Marsfahrkarte"},"content":{"rendered":"<h2 id=\"die_fahrkarte_zum_mars\" class=\"sectionedit13\">Die Fahrkarte zum Mars<\/h2>\n<div class=\"level2\">\n<p>Die gesellschaftlichen Implikationen des BRD&#8217;schen Atommodells: Warum mangelndes Verantwortungsgef\u00fchl nicht mehr als schick gelten darf, und wie man scheinbaren Determinismus \u00fcberwindet. Der Aufsatz entstand im September 2010, noch vor Fukushima und vor dem Atomausstieg, der heute wieder gef\u00e4hrdet erscheint.<\/p>\n<p>Download: <strong><a class=\"urlextern\" title=\"http:\/\/www.anniesonnenberg.de\/marsfahrkarte.pdf\" href=\"http:\/\/www.anniesonnenberg.de\/marsfahrkarte.pdf\" target=\"plain\" rel=\"nofollow noopener noreferrer\">Die Fahrkarte zum Mars.pdf<\/a><\/strong><\/p>\n<\/div>\n<p>&nbsp;<\/p>\n<hr \/>\n<p><a href=\"https:\/\/anniesonnenberg.de\/wordpress\/ueber-mich\/interaktiv\/gaestebuch\/\" target=\"_blank\" rel=\"noopener\"><img loading=\"lazy\" decoding=\"async\" class=\"size-medium wp-image-1566 aligncenter\" src=\"https:\/\/anniesonnenberg.de\/wordpress\/wp-content\/uploads\/2022\/01\/gbook-300x138.jpg\" alt=\"\" width=\"300\" height=\"138\" srcset=\"https:\/\/anniesonnenberg.de\/wordpress\/wp-content\/uploads\/2022\/01\/gbook-300x138.jpg 300w, https:\/\/anniesonnenberg.de\/wordpress\/wp-content\/uploads\/2022\/01\/gbook-1024x470.jpg 1024w, https:\/\/anniesonnenberg.de\/wordpress\/wp-content\/uploads\/2022\/01\/gbook-768x353.jpg 768w, https:\/\/anniesonnenberg.de\/wordpress\/wp-content\/uploads\/2022\/01\/gbook-1536x706.jpg 1536w, https:\/\/anniesonnenberg.de\/wordpress\/wp-content\/uploads\/2022\/01\/gbook-2048x941.jpg 2048w, https:\/\/anniesonnenberg.de\/wordpress\/wp-content\/uploads\/2022\/01\/gbook-500x230.jpg 500w\" sizes=\"auto, (max-width: 300px) 100vw, 300px\" \/><\/a><\/p>\n","protected":false},"excerpt":{"rendered":"<p>Die Fahrkarte zum Mars Die gesellschaftlichen Implikationen des BRD&#8217;schen Atommodells: Warum mangelndes Verantwortungsgef\u00fchl nicht mehr als schick gelten darf, und wie man scheinbaren Determinismus \u00fcberwindet. Der Aufsatz entstand im September 2010, noch vor Fukushima und vor dem Atomausstieg, der heute &hellip; <a href=\"https:\/\/anniesonnenberg.de\/wordpress\/engagement\/religion-soziales\/marsfahrkarte\/\">Weiterlesen <span class=\"meta-nav\">&rarr;<\/span><\/a><\/p>\n","protected":false},"author":1,"featured_media":0,"parent":151,"menu_order":20,"comment_status":"closed","ping_status":"closed","template":"","meta":{"footnotes":""},"class_list":["post-159","page","type-page","status-publish","hentry"],"aioseo_notices":[],"_links":{"self":[{"href":"https:\/\/anniesonnenberg.de\/wordpress\/wp-json\/wp\/v2\/pages\/159","targetHints":{"allow":["GET"]}}],"collection":[{"href":"https:\/\/anniesonnenberg.de\/wordpress\/wp-json\/wp\/v2\/pages"}],"about":[{"href":"https:\/\/anniesonnenberg.de\/wordpress\/wp-json\/wp\/v2\/types\/page"}],"author":[{"embeddable":true,"href":"https:\/\/anniesonnenberg.de\/wordpress\/wp-json\/wp\/v2\/users\/1"}],"replies":[{"embeddable":true,"href":"https:\/\/anniesonnenberg.de\/wordpress\/wp-json\/wp\/v2\/comments?post=159"}],"version-history":[{"count":5,"href":"https:\/\/anniesonnenberg.de\/wordpress\/wp-json\/wp\/v2\/pages\/159\/revisions"}],"predecessor-version":[{"id":1620,"href":"https:\/\/anniesonnenberg.de\/wordpress\/wp-json\/wp\/v2\/pages\/159\/revisions\/1620"}],"up":[{"embeddable":true,"href":"https:\/\/anniesonnenberg.de\/wordpress\/wp-json\/wp\/v2\/pages\/151"}],"wp:attachment":[{"href":"https:\/\/anniesonnenberg.de\/wordpress\/wp-json\/wp\/v2\/media?parent=159"}],"curies":[{"name":"wp","href":"https:\/\/api.w.org\/{rel}","templated":true}]}}