{"id":151,"date":"2015-07-27T15:37:19","date_gmt":"2015-07-27T13:37:19","guid":{"rendered":"http:\/\/anniesonnenberg.de\/wordpress\/?page_id=151"},"modified":"2022-05-18T15:36:12","modified_gmt":"2022-05-18T13:36:12","slug":"religion-soziales","status":"publish","type":"page","link":"https:\/\/anniesonnenberg.de\/wordpress\/engagement\/religion-soziales\/","title":{"rendered":"Gesellschaft \/ Soziales"},"content":{"rendered":"<p style=\"text-align: center;\"><strong>Jeder Mensch hat dir eine Geschichte zu erz\u00e4hlen.<\/strong><\/p>\n<p style=\"text-align: center;\"><strong>Wenn wir unsere Erfahrungen miteinander teilen,<br \/>\nf\u00fcgen wir unserem Verst\u00e4ndnis der Welt<br \/>\nweitere Puzzleteile hinzu.<\/strong><\/p>\n<p style=\"text-align: center;\"><strong><strong>H\u00f6ren wir einander einfach zu.<\/strong><\/strong><\/p>\n<p style=\"text-align: center;\">* * *<strong><br \/>\n<\/strong><\/p>\n<ul>\n<li><strong><a href=\"https:\/\/anniesonnenberg.de\/wordpress\/engagement\/religion-soziales\/bildungsumstaende\/\" target=\"_blank\" rel=\"noopener\">Bildungsumst\u00e4nde<\/a><\/strong><\/li>\n<li><strong><a href=\"https:\/\/anniesonnenberg.de\/wordpress\/engagement\/religion-soziales\/go-political\/\" target=\"_blank\" rel=\"noopener\">Go political<\/a><\/strong><\/li>\n<li><strong><a href=\"https:\/\/anniesonnenberg.de\/wordpress\/engagement\/religion-soziales\/graphologie\/\" target=\"_blank\" rel=\"noopener\">Graphologie<\/a><\/strong><\/li>\n<li><strong><a href=\"https:\/\/anniesonnenberg.de\/wordpress\/engagement\/religion-soziales\/ideenchronist\/\" target=\"_blank\" rel=\"noopener\">Ideenchronist<\/a><\/strong><\/li>\n<li><strong><a href=\"https:\/\/anniesonnenberg.de\/wordpress\/engagement\/religion-soziales\/im-land-der-dichter-und-denker\/\" target=\"_blank\" rel=\"noopener\">Im Land der Dichter und Denker<\/a><\/strong><\/li>\n<li><strong><a href=\"https:\/\/anniesonnenberg.de\/wordpress\/engagement\/religion-soziales\/lessing-in-not\/\" target=\"_blank\" rel=\"noopener\">Lessing in Not<\/a><\/strong><\/li>\n<li><strong><a href=\"https:\/\/anniesonnenberg.de\/wordpress\/engagement\/religion-soziales\/marsfahrkarte\/\" target=\"_blank\" rel=\"noopener\">Marsfahrkarte<\/a><\/strong><\/li>\n<\/ul>\n<hr \/>\n<p><a href=\"https:\/\/anniesonnenberg.de\/wordpress\/ueber-mich\/interaktiv\/gaestebuch\/\" target=\"_blank\" rel=\"noopener\"><img loading=\"lazy\" decoding=\"async\" class=\"size-medium wp-image-1566 aligncenter\" src=\"https:\/\/anniesonnenberg.de\/wordpress\/wp-content\/uploads\/2022\/01\/gbook-300x138.jpg\" alt=\"\" width=\"300\" height=\"138\" srcset=\"https:\/\/anniesonnenberg.de\/wordpress\/wp-content\/uploads\/2022\/01\/gbook-300x138.jpg 300w, https:\/\/anniesonnenberg.de\/wordpress\/wp-content\/uploads\/2022\/01\/gbook-1024x470.jpg 1024w, https:\/\/anniesonnenberg.de\/wordpress\/wp-content\/uploads\/2022\/01\/gbook-768x353.jpg 768w, https:\/\/anniesonnenberg.de\/wordpress\/wp-content\/uploads\/2022\/01\/gbook-1536x706.jpg 1536w, https:\/\/anniesonnenberg.de\/wordpress\/wp-content\/uploads\/2022\/01\/gbook-2048x941.jpg 2048w, https:\/\/anniesonnenberg.de\/wordpress\/wp-content\/uploads\/2022\/01\/gbook-500x230.jpg 500w\" sizes=\"auto, (max-width: 300px) 100vw, 300px\" \/><\/a><\/p>\n<p>&nbsp;<\/p>\n<hr \/>\n<p><a href=\"https:\/\/anniesonnenberg.de\/wordpress\/wp-content\/uploads\/2020\/07\/line1.png\"><img loading=\"lazy\" decoding=\"async\" class=\"aligncenter wp-image-860 size-full\" src=\"https:\/\/anniesonnenberg.de\/wordpress\/wp-content\/uploads\/2020\/07\/line1.png\" alt=\"\" width=\"596\" height=\"104\" srcset=\"https:\/\/anniesonnenberg.de\/wordpress\/wp-content\/uploads\/2020\/07\/line1.png 596w, https:\/\/anniesonnenberg.de\/wordpress\/wp-content\/uploads\/2020\/07\/line1-300x52.png 300w, https:\/\/anniesonnenberg.de\/wordpress\/wp-content\/uploads\/2020\/07\/line1-500x87.png 500w\" sizes=\"auto, (max-width: 596px) 100vw, 596px\" \/><\/a><\/p>\n<hr \/>\n<p>&nbsp;<\/p>\n","protected":false},"excerpt":{"rendered":"<p>Jeder Mensch hat dir eine Geschichte zu erz\u00e4hlen. Wenn wir unsere Erfahrungen miteinander teilen, f\u00fcgen wir unserem Verst\u00e4ndnis der Welt weitere Puzzleteile hinzu. H\u00f6ren wir einander einfach zu. * * * Bildungsumst\u00e4nde Go political Graphologie Ideenchronist Im Land der Dichter &hellip; <a href=\"https:\/\/anniesonnenberg.de\/wordpress\/engagement\/religion-soziales\/\">Weiterlesen <span class=\"meta-nav\">&rarr;<\/span><\/a><\/p>\n","protected":false},"author":1,"featured_media":0,"parent":20,"menu_order":20,"comment_status":"closed","ping_status":"closed","template":"","meta":{"footnotes":""},"class_list":["post-151","page","type-page","status-publish","hentry"],"aioseo_notices":[],"_links":{"self":[{"href":"https:\/\/anniesonnenberg.de\/wordpress\/wp-json\/wp\/v2\/pages\/151","targetHints":{"allow":["GET"]}}],"collection":[{"href":"https:\/\/anniesonnenberg.de\/wordpress\/wp-json\/wp\/v2\/pages"}],"about":[{"href":"https:\/\/anniesonnenberg.de\/wordpress\/wp-json\/wp\/v2\/types\/page"}],"author":[{"embeddable":true,"href":"https:\/\/anniesonnenberg.de\/wordpress\/wp-json\/wp\/v2\/users\/1"}],"replies":[{"embeddable":true,"href":"https:\/\/anniesonnenberg.de\/wordpress\/wp-json\/wp\/v2\/comments?post=151"}],"version-history":[{"count":13,"href":"https:\/\/anniesonnenberg.de\/wordpress\/wp-json\/wp\/v2\/pages\/151\/revisions"}],"predecessor-version":[{"id":1798,"href":"https:\/\/anniesonnenberg.de\/wordpress\/wp-json\/wp\/v2\/pages\/151\/revisions\/1798"}],"up":[{"embeddable":true,"href":"https:\/\/anniesonnenberg.de\/wordpress\/wp-json\/wp\/v2\/pages\/20"}],"wp:attachment":[{"href":"https:\/\/anniesonnenberg.de\/wordpress\/wp-json\/wp\/v2\/media?parent=151"}],"curies":[{"name":"wp","href":"https:\/\/api.w.org\/{rel}","templated":true}]}}